04.
84
Calculate the highest common factor of 7480 and 80.
40
Calculate the highest common divisor of 979 and 11.
11
Calculate the highest common factor of 638 and 913.
11
Calculate the greatest common factor of 105 and 1995.
105
What is the greatest common divisor of 2 and 8?
2
What is the highest common factor of 275 and 800?
25
What is the greatest common divisor of 260 and 32630?
130
Calculate the highest common factor of 111 and 3.
3
Calculate the greatest common divisor of 50 and 570.
10
What is the greatest common factor of 1770 and 8142?
354
Calculate the greatest common divisor of 9 and 39.
3
Calculate the highest common divisor of 29 and 2987.
29
Calculate the highest common divisor of 8162 and 21.
7
What is the greatest common factor of 12 and 12612?
12
Calculate the greatest common divisor of 304 and 176.
16
Calculate the highest common factor of 545 and 10.
5
What is the greatest common factor of 1380 and 420?
60
What is the greatest common factor of 24 and 64?
8
What is the greatest common factor of 24 and 472?
8
Calculate the highest common divisor of 3459 and 3.
3
What is the greatest common factor of 43890 and 22?
22
Calculate the highest common factor of 1490 and 50.
10
Calculate the greatest common divisor of 4033 and 296.
37
Calculate the greatest common divisor of 22 and 11.
11
Calculate the highest common divisor of 2 and 125.
1
Calculate the greatest common divisor of 80 and 4240.
80
Calculate the highest common factor of 825 and 225.
75
Calculate the greatest common factor of 104 and 13.
13
Calculate the greatest common factor of 183 and 32757.
183
Calculate the highest common factor of 7471 and 93.
31
What is the greatest common factor of 2358 and 18?
18
Calculate the highest common divisor of 286 and 22.
22
Calculate the highest common divisor of 1785 and 105.
105
What is the highest common factor of 8192 and 1?
1
Calculate the highest common divisor of 2700 and 15.
15
Calculate the greatest common factor of 260 and 455.
65
Calculate the highest common factor of 8827 and 91.
91
What is the highest common divisor of 612 and 828?
36
Calculate the greatest common factor of 1550 and 60.
10
What is the highest common factor of 23 and 46?
23
Calculate the highest common factor of 11046 and 42.
42
What is the greatest common factor of 190 and 10?
10
Calculate the highest common divisor of 28 and 700.
28
What is the greatest common factor of 5620 and 20?
20
What is the greatest common divisor of 50 and 22?
2
Calculate the greatest common divisor of 1596 and 252.
84
What is the greatest common divisor of 26 and 117?
13
What is the highest common divisor of 19376 and 519?
173
Calculate the greatest common factor of 3844 and 310.
62
Calculate the greatest common divisor of 220 and 450.
10
What is the highest common divisor of 275 and 385?
55
What is the greatest common factor of 35 and 10?
5
What is the greatest common factor of 1472 and 464?
16
What is the greatest common factor of 186 and 8556?
186
What is the highest common factor of 3 and 1466?
1
Calculate the highest common divisor of 22 and 352.
22
What is the highest common factor of 114 and 285?
57
What is the greatest common factor of 135 and 243?
27
What is the greatest common factor of 342 and 38?
38
Calculate the highest common divisor of 66 and 2156.
22
Calculate the highest common divisor of 255 and 615.
15
What is the highest common divisor of 1230 and 45?
15
What is the greatest common divisor of 35 and 335?
5
What is the highest common divisor of 648 and 16?
8
Calculate the highest common divisor of 49 and 49.
49
What is the greatest common divisor of 56938 and 14?
14
What is the highest common factor of 200 and 70?
10
What is the highest common factor of 208 and 16?
16
Calculate the highest common factor of 269 and 11029.
269
What is the highest common factor of 68 and 51?
17
Calculate the greatest common factor of 8743 and 7.
7
What is the greatest common factor of 1168 and 16?
16
What is the highest common divisor of 1372 and 112?
28
Calculate the greatest common divisor of 637 and 1323.
49
Calculate the greatest common factor of 442 and 136.
34
What is the highest common divisor of 1530 and 60?
30
Calculate the greatest common divisor of 32 and 832.
32
Calculate the greatest common divisor of 384 and 224.
32
Calculate the highest common factor of 1558 and 304.
38
Calculate the highest common factor of 2 and 106.
2
Calculate the highest common factor of 5 and 10.
5
What is the greatest common factor of 4977 and 189?
63
Calculate the greatest common divisor of 70 and 4718.
14
What is the greatest common divisor of 486 and 3078?
162
What is the greatest common factor of 8604 and 288?
36
What is the highest common factor of 360 and 1240?
40
Calculate the greatest common divisor of 38357 and 317.
317
What is the greatest common divisor of 6 and 1702?
2
What is the greatest common divisor of 266 and 3122?
14
What is the greatest common divisor of 32317 and 17?
17
What is the highest common divisor of 2128 and 4816?
112
What is the highest common divisor of 10 and 830?
10
Calculate the greatest common divisor of 1105 and 780.
65
What is the highest common factor of 18 and 1215?
9
What is the greatest common divisor of 1218 and 21?
21
What is the greatest common divisor of 266 and 189?
7
What is the highest common factor of 36 and 276?
12
Calculate the highest common factor of 484 and 363.
121
What is the greatest common divisor of 87 and 12?
3
Calculate the greatest common factor of 1073 and 1.
1
Calculate the greatest common factor of 246 and 6.
6
What is the highest common factor of 912 and 6954?
114
What is the highest common factor of 83 and 747?
83
What is the highest common factor of 11 and 2101?
11
What is the highest common factor of 5 and 1465?
5
What is the greatest common factor of 376 and 24?
8
What is the greatest common divisor of 245 and 8967?
49
Calculate the greatest common factor of 2366 and 70.
14
Calculate the highest common divisor of 407 and 33.
11
What is the greatest common divisor of 267 and 3?
3
Calculate the highest common factor of 15 and 3855.
15
Calculate the greatest common divisor of 20 and 50.
10
What is the greatest common factor of 48 and 42?
6
What is the greatest common divisor of 2952 and 4100?
164
What is the greatest common divisor of 3 and 762?
3
What is the greatest common divisor of 96 and 324?
12
Calculate the greatest common factor of 4245 and 15.
15
Calculate the highest common factor of 520 and 39.
13
Calculate the highest common divisor of 7290 and 120.
30
What is the greatest common divisor of 44 and 12?
4
What is the highest common divisor of 84 and 42?
42
What is the greatest common factor of 946 and 22?
22
What is the greatest common divisor of 790 and 20?
10
What is the highest common factor of 94 and 141?
47
Calculate the highest common factor of 30 and 75.
15
Calculate the highest common divisor of 8 and 64.
8
Calculate the highest common factor of 30 and 78.
6
Calculate the greatest common divisor of 90 and 720.
90
What is the greatest common divisor of 518 and 42?
14
What is the greatest common factor of 1152 and 96?
96
Calculate the highest common factor of 34138 and 404.
202
Calculate the highest common factor of 500 and 5.
5
What is the highest common factor of 999 and 27?
27
Calculate the highest common divisor of 127 and 14351.
127
What is the greatest common factor of 135 and 11367?
27
What is the greatest common divisor of 19 and 27151?
19
Calculate the greatest common divisor of 516 and 2.
2
Calculate the highest common divisor of 246 and 3567.
123
Calculate the greatest common divisor of 240 and 300.
60
Calculate the greatest common divisor of 370 and 148.
74
Calculate the highest common factor of 35 and 91.
7
Calculate the highest common divisor of 24 and 3852.
12
What is the greatest common factor of 1242 and 46?
46
What is the highest common factor of 16 and 2992?
16
Calculate the greatest common divisor of 22 and 407.
11
What is the greatest common divisor of 1089 and 36?
9
What is the greatest common divisor of 260 and 1625?
65
Calculate the highest common divisor of 33 and 24.
3
What is the highest common divisor of 639 and 4899?
213
What is the greatest common divisor of 28 and 574?
14
Ca